 = g + 38*v. What is s(g)?
-30
Let r = 3009 + -3006. Let s(f) = -6*f + 0 - 3*f + 3. Give s(r).
-24
Let q(l) = -1 - 1 + 5*l + 6 + 0*l. Let b be q(0). Let h(f) = 0 - 127*f - 5 - b + 129*f. What is h(8)?
7
Let y(r) = -2*r - 21. Let v(w) = w**2 - 4*w - 24. Let s(b) = 3*v(b) - 2*y(b). Determine s(-3).
21
Let j(l) = -55 + l**2 + 136 - 80 - 79. Determine j(-9).
3
Suppose 21*f + 59 = -69 + 44. Let z(c) = -c**3 - 4*c**2 - 10. What is z(f)?
-10
Suppose -3*k = 12, 14*k = 2*h + 11*k - 70. Suppose -f + 27*x - h*x + 9 = 0, 4*x = 20. Let d(r) = 12*r**3 - r - 2. What is d(f)?
-13
Let w(c) = -c**3 + 7 + 200*c**2 - 51*c**2 - 7*c - 58*c**2 - 47*c**2 - 52*c**2. Suppose -5*r = -83 - 2. Suppose -3*x - 4 = r. What is w(x)?
7
Let z(h) = 2099 - 1076 - 1059 - 13*h - h**2. Give z(-5).
4
Let n(l) = -l - 10. Let v be n(4). Let p(w) = -2*w**2. Let f(y) = 13*y**2 + 2. Let m(z) = v*p(z) - 2*f(z). What is m(4)?
28
Let d be 0 - (-2 + 2 + -4). Let g(t) be the second derivative of t**4/4 - t**3 + 3*t**2 + 409*t. Calculate g(d).
30
Let w(h) be the first derivative of h**7/840 + h**6/120 - h**5/120 - h**4/24 - 269*h**3/3 - 137. Let u(j) be the third derivative of w(j). Calculate u(1).
2
Let y = -213 + 223. Let w(r) = -8 + 6*r + 8*r - r**2 - 3*r + r. What is w(y)?
12
Suppose -2*v = -5*v + w + 15, -4*w + 8 = 5*v. Suppose v*t - 70 = -3*t. Let l be ((-3)/(-5))/((16/t)/(-8)). Let y(k) = -2*k + 3. Give y(l).
9
Let n(h) = 5031*h**2 + 4*h - 5067*h**2 - 2*h. Calculate n(-1).
-38
Let b be -3*6/(-9) - 0. Let k = -4 + b. Let v(n) = n**3. Let c(o) = 5*o**3 - o**2 + 2*o. Let u(y) = -c(y) + 6*v(y). Give u(k).
0
Let g(w) = 23*w + 16*w - 69*w + 23*w. Let d be (-15 - -16)*-1*(-3)/3. Calculate g(d).
-7
Let j(p) = 33*p + 16 + 5363*p**2 - 2673*p**2 - 2707*p**2 + p**3. What is j(15)?
61
Let h(f) be the first derivative of -13*f**2/2 - 3*f + 81. Let y be (1 + 1)/((4 + -1)/(-3)). What is h(y)?
23
Let o(c) = -17042 + 5678 + 5681 - 2*c + 5665. Let q be (-2)/(-3) + 88/(-6). Calculate o(q).
10
Let x(m) = -46*m - 8. Let a(t) = -15*t - 2. Let q(y) = 7*a(y) - 2*x(y). Determine q(-2).
28
Let s(f) = -f + 5. Let r be (-435)/9 + (-2)/(-6). Let v = -43 - r. Suppose -4*b = -v*b + 3*b. Calculate s(b).
5
Let p = 81 + -16. Let k = -60 + p. Suppose -5 = -k*x - j + 4, -5*j + 19 = -x. Let t(g) = -11*g**3 - g**2. What is t(x)?
-12
Let z(w) be the third derivative of 8*w**2 + 0*w**3 - 2*w - 1/60*w**5 + 0 + 13/24*w**4. Give z(12).
12
Let g(p) = -p**3 + 4*p**2 - 2. Let d be -9 - 15/(-1 - 2). Let a be ((-18)/(-3))/((-6)/d). What is g(a)?
-2
Suppose 5*v + 6*o - 4*o = 31, v = 5*o - 10. Let n(k) = k - 6. Calculate n(v).
-1
Suppose -35 = -0*v + 5*v. Let u(b) be the second derivative of -b**5/20 - 7*b**4/12 + b**3/6 - 9*b**2/2 + 2*b - 1796. What is u(v)?
-16
Let g(j) be the third derivative of j**6/120 + j**5/12 + j**4/12 - 5*j**3/6 + 10*j**2 - 31*j. What is g(-4)?
3
Let o(t) = -2*t**2 - t - 4. Let b(m) = -1 + 4 + 35*m - 4 - 34*m. Let g(k) = 2*b(k) - o(k). Calculate g(-3).
11
Let u(b) = -6*b + 83. Let g be u(14). Let w be g*(1 - 1)/4. Let r(l) = -l + 4. Give r(w).
4
Let a(v) = v**3 + 5*v**2 - 2*v. Suppose 10*i + 426 = 5*i + 3*w, 3*w + 330 = -4*i. Let h = i + 83. Let l be (-2 - (-5 - h))*10/(-4). Calculate a(l).
10
Let g(d) be the third derivative of -d**5/30 - d**4/8 - d**3/2 + d**2. Let a = -221456 - -221454. What is g(a)?
-5
Let w be (-30 - -31)/(4/(-44)). Let a(q) = q**2 + 16*q + 4. Determine a(w).
-51
Let v(w) be the second derivative of w**6/90 - w**5/120 + w**4/12 + 5*w**3/6 + 3*w - 4. Let j(p) be the third derivative of v(p). Calculate j(1).
7
Let d(c) be the first derivative of 6*c**3 + c + 61. Let z = -10 + 9. Calculate d(z).
19
Let f = -10 - -4. Let a = 9 + f. Let t(x) = 6*x**3 - 7*x**2 - 2*x - 1. Let l(k) = 7*k**3 - 8*k**2 - 2*k - 1. Let r(j) = 5*l(j) - 6*t(j). Calculate r(a).
-2
Let y(t) = -t**3 + t**2 + t. Let s(l) = 6*l**3 - 11*l**2 - 2*l - 3. Let k(q) = -s(q) - 7*y(q). Determine k(-5).
3
Let c(a) = a**2 + 10*a + 10. Suppose -10*b + 4*b + 18 = 0. Suppose -b*q + 16 - 25 = 0. Let y = -12 - q. Give c(y).
1
Let k(j) = j**3 - 6*j**2 - 8*j + 5. Let p(m) = m**2 + m - 6. Let g be p(-6). Suppose 4*i = 7*i - g. Let z be -8 + i + (0 - -7). What is k(z)?
-2
Suppose 350*b - 688*b = 2028. Let y(c) = 2*c - 20. Calculate y(b).
-32
Let d(b) = -b**2 - 10*b + 38. Let g(t) = -t**2 - 11*t + 14. Let w(x) = -2*d(x) + 3*g(x). Give w(-13).
-34
Suppose 3*t + 13 = 4. Let f(b) be the third derivative of b**4/8 + b**3/2 + 2*b**2 + 120*b. Calculate f(t).
-6
Let x(v) = -v**3 + 3*v**2 - 8*v + 2. Let z(f) = -f**3 + 5*f**2 - 12*f + 1. Let k(s) = -5*x(s) + 4*z(s). Let g(q) = -17*q + 79. Let p be g(5). Determine k(p).
6
Let a(k) be the first derivative of -k**3/3 - 5*k**2 + 13*k - 910. Give a(-9).
22
Let w(c) be the third derivative of c**5/60 - 13*c**4/12 + 43*c**3/6 + 4175*c**2. What is w(27)?
70
Let q(j) be the third derivative of -1/6*j**3 + 1/15*j**5 + 2*j + 1/24*j**4 + 6*j**2 - 1/120*j**6 + 0. Give q(2).
9
Suppose -5*d = -6*d - 4*d. Suppose -25 = -3*j + 2*k, d = -j - 2*j - k + 19. Let y(q) = -15*q + 5*q + 6 + j*q. Calculate y(7).
-15
Let w(h) = -3*h + 4. Let j(c) be the second derivative of c**5/10 - c**4 - 5*c**3/2 + 13*c**2/2 - c - 4. Let o be j(7). What is w(o)?
-14
Let y(w) be the third derivative of w**6/120 + w**5/15 - 13*w**4/24 - 35*w**3/6 + 1483*w**2. What is y(-5)?
5
Let n(f) = -671 + f**2 + 235 + f + 203 + 238 + 7*f. Suppose 0 = -9*q + 4*q - 15. Calculate n(q).
-10
Let k(b) = -b**3 + 11*b**2 - 9*b - 13. Let d(z) = -z + 27. Let n be d(7). Let m be (-444)/(-48) + 15/n. Determine k(m).
-3
Let u(v) = -1. Let g(h) = -h + 11. Let y(a) = -2*g(a) - 10*u(a). Let r(t) = -3*t**3 - 300*t**2 + t + 104. Let d be r(-100). Determine y(d).
-4
Suppose 5*d - w - 37 = 0, d + 5*w = -2*d + 11. Suppose 2*r = d*r - 10. Let s(v) = -9*v + 6 + 5*v**2 + v**3 - 3*v**2 - 3*v**2 - 4*v**r. Give s(6).
-12
Let k = 7 - 10. Let p(o) be the second derivative of -o**3/6 - o**2 + 446*o. Determine p(k).
1
Let o(d) = -116*d - 1 + d**3 - 17*d**2 + 124*d - 39 + 0*d**3 - 6*d. Calculate o(17).
-6
Suppose 2*s = 4*c + 12, 2*s - c = -6*c - 15. Let i(y) be the third derivative of -y**4/12 - 5*y**3/3 + 64*y**2 - 122. What is i(s)?
-10
Let i(g) be the third derivative of -g**7/2520 + g**6/240 + g**5/15 - 7*g**4/2 - 82*g**2. Let y(q) be the second derivative of i(q). Determine y(6).
-10
Let h(w) = 2*w**2 - 5*w. Let r(a) = 2*a**3 - 2*a**2 + 4*a**2 - 5 + a**2 + 6. Let b be r(-2). Let i be 0 - -1 - -2*b/(-2). Give h(i).
12
Let g be -4 + (-20)/(-4) + 3. Let q(y) = 16*y**3 - 13*y**2 - 2*y - 11. Let z(b) = -9*b**3 + 7*b**2 + b + 6. Let h(l) = g*q(l) + 7*z(l). What is h(3)?
-5
Let v(x) be the third derivative of -x**4/8 - 23*x**3/3 + x**2 - 629. Calculate v(-20).
14
Let f(s) = 7 - 7 + 3*s + 0 + 21. Let h be f(-9). Let o(l) be the first derivative of l**4/4 + 5*l**3/3 - 3*l**2/2 + 2*l - 2. Calculate o(h).
-16
Let m(h) = h**2 + 11*h + 13. Let q(r) = -r**2 - 10*r - 12. Let p = -381 + 385. Let a(j) = p*q(j) + 3*m(j). Calculate a(-6).
-3
Let h(n) = -4*n - 7 + n**2 - 2*n - n. Let q(x) = x**3 + 113*x**2 - 360*x - 1384. Let t be q(-116). What is h(t)?
1
Suppose 0 = -2*c, 0 = -7*i + 5*i - 2*c - 24. Let r(g) = -3*g**3 + 13*g**2 + 18 + 4*g**3 - g + 14*g - 5. Calculate r(i).
1
Let o(p) be the first derivative of p**6/360 - p**5/30 + p**4/4 - p**3 - 5*p**2 + 102. Let x(s) be the third derivative of o(s). Determine x(3).
3
Let i(b) = b**2 + 5*b + 1. Let t(p) = p**2 - 6*p - 6. Let o be t(6). Let x be ((1 - 7)/o)/(1/1). Let y be x*4*24/(-16). Calculate i(y).
7
Let s(h) = h - 1. Let m be (-9)/99 - (-90)/22 - -3. What is s(m)?
6
Let g(o) = 3*o - 15. Let k be g(7). Let c(f) = 7*f**3 + 12*f**2 - 4*f + 6. Let j(p) = -p**3 - p**2 + p - 1. Let v(l) = k*j(l) + c(l). Calculate v(-5).
15
Suppose 26*x + 40 = -142. Let q(i) = 2*i**3 + 16*i**2 + 13*i - 11. Calculate q(x).
-4
Let y(s) be the third derivative of -s**6/40 + 19*s**5/60 + 3*s**4/8 + 9*s**3/2 + 5*s**2 - 75*s + 3. Give y(7).
-8
Let r(t) = 0*t**2 + 16451 + t**2 - 8219 - 8206 + 12*t + t**2. Give r(-3).
8
Let b(o) = 6*o - 2 + o - 5*o. Let w(z) = z**3 - 8*z**2 - 2. Let i be (249/(-166))/(3/(-16)). Let c be w(i). What is b(c)?
-6
Let d(n) = -n**3 - 3*n**2 - n + 3. Let r be d(-3). Let l(y) = -5*y**2 - 12*y + 75. Let k(s) = -7*s**2 - 14*s + 100. Let f(w) = 3*k(w) - 